Dec 02 07:58:47.446 INFO testing Emmatipate/vulkano-test against master#8940af3cea4a9a9deabcaf843b2f8cad9a83fc61 for beta-1.31-5
Dec 02 07:58:47.446 INFO running `"docker" "create" "-v" "/mnt/big/crater/work/local/target-dirs/beta-1.31-5/worker-5/master#8940af3cea4a9a9deabcaf843b2f8cad9a83fc61:/target:rw,Z" "-v" "/mnt/big/crater/work/local/test-source/worker-5/beta-1.31-5/master#8940af3cea4a9a9deabcaf843b2f8cad9a83fc61:/source:ro,Z" "-v" "/mnt/big/crater/work/local/cargo-home:/cargo-home:ro,Z" "-v" "/mnt/big/crater/work/local/rustup-home:/rustup-home:ro,Z" "-e" "USER_ID=1000" "-e" "SOURCE_DIR=/source" "-e" "USER_ID=1000" "-e" "CMD=cargo +8940af3cea4a9a9deabcaf843b2f8cad9a83fc61-alt build --frozen" "-e" "CARGO_TARGET_DIR=/target" "-e" "CARGO_INCREMENTAL=0" "-e" "RUST_BACKTRACE=full" "-e" "RUSTFLAGS=--cap-lints=warn" "-e" "CARGO_HOME=/cargo-home" "-e" "RUSTUP_HOME=/rustup-home" "-m" "1536M" "--network" "none" "crater"`
Dec 02 07:58:47.899 INFO [stdout] bcd36f3a53567f3b40ec6367ffcb2ebc1b81ec900f9374c16014a49e1a087d0d
Dec 02 07:58:47.907 INFO running `"docker" "start" "-a" "bcd36f3a53567f3b40ec6367ffcb2ebc1b81ec900f9374c16014a49e1a087d0d"`
Dec 02 07:58:49.651 INFO [stderr] usermod: no changes
Dec 02 07:58:49.987 INFO [stderr]    Compiling num-derive v0.2.3
Dec 02 07:58:49.987 INFO [stderr]    Compiling glsl-to-spirv v0.1.7
Dec 02 07:58:49.995 INFO [stderr]    Compiling crossbeam v0.4.1
Dec 02 07:58:59.863 INFO [stderr]    Compiling vulkano v0.10.0
Dec 02 07:59:20.128 INFO [stderr] error: failed to run custom build command for `glsl-to-spirv v0.1.7`
Dec 02 07:59:20.128 INFO [stderr] process didn't exit successfully: `/target/debug/build/glsl-to-spirv-9b2ad06b65530251/build-script-build` (exit code: 101)
Dec 02 07:59:20.128 INFO [stderr] --- stdout
Dec 02 07:59:20.128 INFO [stderr] cargo:rerun-if-changed=build/glslangValidator.exe
Dec 02 07:59:20.128 INFO [stderr] running: "cmake" "/cargo-home/registry/src/github.com-1ecc6299db9ec823/glsl-to-spirv-0.1.7/glslang" "-DCMAKE_INSTALL_PREFIX=/target/debug/build/glsl-to-spirv-0047e85bf69d2707/out" "-DCMAKE_C_FLAGS= -ffunction-sections -fdata-sections -fPIC -m64" "-DCMAKE_C_COMPILER=/usr/bin/cc" "-DCMAKE_CXX_FLAGS= -ffunction-sections -fdata-sections -fPIC -m64" "-DCMAKE_CXX_COMPILER=/usr/bin/c++" "-DCMAKE_BUILD_TYPE=Debug"
Dec 02 07:59:20.128 INFO [stderr] -- Google Mock was not found - tests based on that will not build
Dec 02 07:59:20.128 INFO [stderr] -- Configuring done
Dec 02 07:59:20.128 INFO [stderr] -- Generating done
Dec 02 07:59:20.128 INFO [stderr] -- Build files have been written to: /target/debug/build/glsl-to-spirv-0047e85bf69d2707/out/build
Dec 02 07:59:20.128 INFO [stderr] running: "cmake" "--build" "." "--target" "install" "--config" "Debug" "--"
Dec 02 07:59:20.129 INFO [stderr] [  3%] Built target OGLCompiler
Dec 02 07:59:20.129 INFO [stderr] [  7%] Built target OSDependent
Dec 02 07:59:20.129 INFO [stderr] [ 21%] Built target HLSL
Dec 02 07:59:20.129 INFO [stderr] [ 26%] Built target SPVRemapper
Dec 02 07:59:20.129 INFO [stderr] [ 29%] Built target glslang-default-resource-limits
Dec 02 07:59:20.129 INFO [stderr] [ 31%] Building CXX object glslang/CMakeFiles/glslang.dir/MachineIndependent/intermOut.cpp.o
Dec 02 07:59:20.129 INFO [stderr] [ 35%] Building CXX object glslang/CMakeFiles/glslang.dir/MachineIndependent/ParseHelper.cpp.o
Dec 02 07:59:20.129 INFO [stderr] [ 36%] Building CXX object glslang/CMakeFiles/glslang.dir/MachineIndependent/limits.cpp.o
Dec 02 07:59:20.129 INFO [stderr] [ 33%] Building CXX object glslang/CMakeFiles/glslang.dir/MachineIndependent/SymbolTable.cpp.o
Dec 02 07:59:20.129 INFO [stderr] [ 40%] Building CXX object glslang/CMakeFiles/glslang.dir/MachineIndependent/linkValidate.cpp.o
Dec 02 07:59:20.129 INFO [stderr] [ 40%] Building CXX object glslang/CMakeFiles/glslang.dir/MachineIndependent/Versions.cpp.o
Dec 02 07:59:20.129 INFO [stderr] [ 42%] Building CXX object glslang/CMakeFiles/glslang.dir/MachineIndependent/parseConst.cpp.o
Dec 02 07:59:20.129 INFO [stderr] [ 43%] Building CXX object glslang/CMakeFiles/glslang.dir/MachineIndependent/reflection.cpp.o
Dec 02 07:59:20.129 INFO [stderr] [ 45%] Building CXX object glslang/CMakeFiles/glslang.dir/MachineIndependent/preprocessor/Pp.cpp.o
Dec 02 07:59:20.129 INFO [stderr] [ 47%] Building CXX object glslang/CMakeFiles/glslang.dir/MachineIndependent/preprocessor/PpAtom.cpp.o
Dec 02 07:59:20.129 INFO [stderr] [ 49%] Building CXX object glslang/CMakeFiles/glslang.dir/MachineIndependent/preprocessor/PpContext.cpp.o
Dec 02 07:59:20.129 INFO [stderr] [ 50%] Building CXX object glslang/CMakeFiles/glslang.dir/MachineIndependent/preprocessor/PpScanner.cpp.o
Dec 02 07:59:20.129 INFO [stderr] glslang/CMakeFiles/glslang.dir/build.make:254: recipe for target 'glslang/CMakeFiles/glslang.dir/MachineIndependent/ParseHelper.cpp.o' failed
Dec 02 07:59:20.129 INFO [stderr] CMakeFiles/Makefile2:1003: recipe for target 'glslang/CMakeFiles/glslang.dir/all' failed
Dec 02 07:59:20.129 INFO [stderr] Makefile:138: recipe for target 'all' failed
Dec 02 07:59:20.129 INFO [stderr] 
Dec 02 07:59:20.129 INFO [stderr] --- stderr
Dec 02 07:59:20.129 INFO [stderr] c++: internal compiler error: Killed (program cc1plus)
Dec 02 07:59:20.129 INFO [stderr] Please submit a full bug report,
Dec 02 07:59:20.129 INFO [stderr] with preprocessed source if appropriate.
Dec 02 07:59:20.129 INFO [stderr] See <file:///usr/share/doc/gcc-5/README.Bugs> for instructions.
Dec 02 07:59:20.129 INFO [stderr] make[2]: *** [glslang/CMakeFiles/glslang.dir/MachineIndependent/ParseHelper.cpp.o] Error 4
Dec 02 07:59:20.129 INFO [stderr] make[2]: *** Waiting for unfinished jobs....
Dec 02 07:59:20.129 INFO [stderr] make[1]: *** [glslang/CMakeFiles/glslang.dir/all] Error 2
Dec 02 07:59:20.129 INFO [stderr] make: *** [all] Error 2
Dec 02 07:59:20.129 INFO [stderr] thread 'main' panicked at '
Dec 02 07:59:20.129 INFO [stderr] command did not execute successfully, got: exit code: 2
Dec 02 07:59:20.129 INFO [stderr] 
Dec 02 07:59:20.129 INFO [stderr] build script failed, must exit now', /cargo-home/registry/src/github.com-1ecc6299db9ec823/cmake-0.1.35/src/lib.rs:778:5
Dec 02 07:59:20.129 INFO [stderr] stack backtrace:
Dec 02 07:59:20.129 INFO [stderr]    0:     0x55c5d4b9871f - std::sys::unix::backtrace::tracing::imp::unwind_backtrace::h3a8b83e1922cbdde
Dec 02 07:59:20.129 INFO [stderr]                                at libstd/sys/unix/backtrace/tracing/gcc_s.rs:49
Dec 02 07:59:20.129 INFO [stderr]    1:     0x55c5d4ba4c77 - std::sys_common::backtrace::print::h00d3155a29b4020f
Dec 02 07:59:20.129 INFO [stderr]                                at libstd/sys_common/backtrace.rs:71
Dec 02 07:59:20.129 INFO [stderr]                                at libstd/sys_common/backtrace.rs:59
Dec 02 07:59:20.129 INFO [stderr]    2:     0x55c5d4b9d92f - std::panicking::default_hook::{{closure}}::hd7465c742e79e1bb
Dec 02 07:59:20.129 INFO [stderr]                                at libstd/panicking.rs:211
Dec 02 07:59:20.129 INFO [stderr]    3:     0x55c5d4b9d694 - std::panicking::default_hook::h9e3966f2aa2a6e12
Dec 02 07:59:20.129 INFO [stderr]                                at libstd/panicking.rs:227
Dec 02 07:59:20.129 INFO [stderr]    4:     0x55c5d4b9dfae - std::panicking::rust_panic_with_hook::h587f091ae747d080
Dec 02 07:59:20.129 INFO [stderr]                                at libstd/panicking.rs:476
Dec 02 07:59:20.129 INFO [stderr]    5:     0x55c5d4b9db51 - std::panicking::continue_panic_fmt::hb3a4fdede87f43a8
Dec 02 07:59:20.129 INFO [stderr]                                at libstd/panicking.rs:390
Dec 02 07:59:20.129 INFO [stderr]    6:     0x55c5d4b9da9e - std::panicking::begin_panic_fmt::h387afc7da9a10555
Dec 02 07:59:20.129 INFO [stderr]                                at libstd/panicking.rs:345
Dec 02 07:59:20.129 INFO [stderr]    7:     0x55c5d4b1f966 - cmake::fail::hcd2e63fcaa220c82
Dec 02 07:59:20.129 INFO [stderr]                                at /cargo-home/registry/src/github.com-1ecc6299db9ec823/cmake-0.1.35/src/lib.rs:778
Dec 02 07:59:20.129 INFO [stderr]    8:     0x55c5d4b1f24b - cmake::run::hdfed138c33e80291
Dec 02 07:59:20.129 INFO [stderr]                                at /cargo-home/registry/src/github.com-1ecc6299db9ec823/cmake-0.1.35/src/lib.rs:759
Dec 02 07:59:20.129 INFO [stderr]    9:     0x55c5d4b1b7a6 - cmake::Config::build::h76cbbb2847bda161
Dec 02 07:59:20.129 INFO [stderr]                                at /cargo-home/registry/src/github.com-1ecc6299db9ec823/cmake-0.1.35/src/lib.rs:671
Dec 02 07:59:20.129 INFO [stderr]   10:     0x55c5d4b0d624 - cmake::build::h2c44d510a7e02779
Dec 02 07:59:20.129 INFO [stderr]                                at /cargo-home/registry/src/github.com-1ecc6299db9ec823/cmake-0.1.35/src/lib.rs:97
Dec 02 07:59:20.129 INFO [stderr]   11:     0x55c5d4b0b6ab - build_script_build::main::h5699d02158562530
Dec 02 07:59:20.129 INFO [stderr]                                at /cargo-home/registry/src/github.com-1ecc6299db9ec823/glsl-to-spirv-0.1.7/build/build.rs:37
Dec 02 07:59:20.129 INFO [stderr]   12:     0x55c5d4b0c7df - std::rt::lang_start::{{closure}}::h1a53f1a6e7e95d88
Dec 02 07:59:20.129 INFO [stderr]                                at libstd/rt.rs:74
Dec 02 07:59:20.129 INFO [stderr]   13:     0x55c5d4b9d9d2 - std::panicking::try::do_call::h52e7f80ff0fdcc45
Dec 02 07:59:20.129 INFO [stderr]                                at libstd/rt.rs:59
Dec 02 07:59:20.129 INFO [stderr]                                at libstd/panicking.rs:310
Dec 02 07:59:20.129 INFO [stderr]   14:     0x55c5d4bafc29 - __rust_maybe_catch_panic
Dec 02 07:59:20.129 INFO [stderr]                                at libpanic_unwind/lib.rs:102
Dec 02 07:59:20.129 INFO [stderr]   15:     0x55c5d4b8967a - std::rt::lang_start_internal::h38cae898de7f805c
Dec 02 07:59:20.129 INFO [stderr]                                at libstd/panicking.rs:289
Dec 02 07:59:20.129 INFO [stderr]                                at libstd/panic.rs:392
Dec 02 07:59:20.129 INFO [stderr]                                at libstd/rt.rs:58
Dec 02 07:59:20.129 INFO [stderr]   16:     0x55c5d4b0c7b8 - std::rt::lang_start::haad118566713735b
Dec 02 07:59:20.129 INFO [stderr]                                at libstd/rt.rs:74
Dec 02 07:59:20.129 INFO [stderr]   17:     0x55c5d4b0b979 - main
Dec 02 07:59:20.129 INFO [stderr]   18:     0x7fe08a72682f - __libc_start_main
Dec 02 07:59:20.129 INFO [stderr]   19:     0x55c5d4b0a018 - _start
Dec 02 07:59:20.129 INFO [stderr]   20:                0x0 - <unknown>
Dec 02 07:59:20.129 INFO [stderr] 
Dec 02 07:59:20.130 INFO [stderr] warning: build failed, waiting for other jobs to finish...
Dec 02 07:59:47.018 INFO [stderr] error: build failed
Dec 02 07:59:47.021 INFO [stderr] su: No module specific data is present
Dec 02 07:59:48.664 INFO running `"docker" "inspect" "bcd36f3a53567f3b40ec6367ffcb2ebc1b81ec900f9374c16014a49e1a087d0d"`
Dec 02 07:59:49.000 INFO running `"docker" "rm" "-f" "bcd36f3a53567f3b40ec6367ffcb2ebc1b81ec900f9374c16014a49e1a087d0d"`
Dec 02 07:59:49.371 INFO [stdout] bcd36f3a53567f3b40ec6367ffcb2ebc1b81ec900f9374c16014a49e1a087d0d
